ime number?
False
Is 2593378 a prime number?
False
Is 118415039 a prime number?
True
Is 38733271 a composite number?
False
Is 63876853 composite?
False
Is 106931399 composite?
True
Is 9378739 a composite number?
True
Is 327383191 composite?
False
Is 8830889 composite?
True
Is 15480499 prime?
True
Is 205229 a prime number?
False
Is 3092629 a prime number?
True
Is 60683179 composite?
False
Is 55654329 prime?
False
Is 193053209 prime?
False
Is 15523037 a prime number?
True
Is 64064293 composite?
False
Is 1908407 prime?
True
Is 27628214 a composite number?
True
Is 1004221 a prime number?
True
Is 9834173 composite?
False
Is 3950845 prime?
False
Is 3304039 a prime number?
False
Is 20460151 composite?
False
Is 6781751 a composite number?
True
Is 3824741 prime?
True
Is 1488547 a composite number?
True
Is 112127419 prime?
False
Is 15339455 composite?
True
Is 107485307 prime?
False
Is 114494047 a prime number?
False
Is 512558363 a composite number?
True
Is 1392005311 composite?
False
Is 477562 composite?
True
Is 28690591 a prime number?
False
Is 11601377 composite?
False
Is 3258553 a prime number?
False
Is 28737957 a prime number?
False
Is 335322851 a composite number?
True
Is 6636887 a prime number?
True
Is 2266739 composite?
False
Is 14740337 composite?
True
Is 2012597 composite?
False
Is 6555191 a composite number?
True
Is 397770185 a composite number?
True
Is 190382503 a prime number?
True
Is 176291 a composite number?
True
Is 265524235 prime?
False
Is 38460529 prime?
True
Is 3472433 a prime number?
True
Is 9137497 composite?
True
Is 2411821 prime?
True
Is 53562037 composite?
False
Is 12510161 prime?
True
Is 42354407 composite?
False
Is 5901083 a prime number?
True
Is 63519977 a composite number?
False
Is 1863967 a prime number?
False
Is 820264547 composite?
False
Is 14861207 a composite number?
True
Is 145566763 composite?
True
Is 29616859 a composite number?
True
Is 1680241 a prime number?
False
Is 884539 a composite number?
True
Is 3093947 a composite number?
False
Is 88835323 a prime number?
False
Is 59793203 a composite number?
True
Is 29424727 a composite number?
False
Is 1448663 a composite number?
False
Is 2250363 composite?
True
Is 29760599 a composite number?
True
Is 3028741 a composite number?
True
Is 3700178 composite?
True
Is 109726147 composite?
False
Is 9008059 prime?
True
Is 217218331 a composite number?
True
Is 8541019 composite?
True
Is 3798877 a prime number?
True
Is 171043357 composite?
False
Is 1471459 a composite number?
True
Is 6951847 a prime number?
False
Is 631039 a composite number?
False
Is 4249653 a composite number?
True
Is 6399947 prime?
True
Is 1217885 a composite number?
True
Is 22268531 prime?
False
Is 46920457 composite?
False
Is 10384534 composite?
True
Is 4686307 a prime number?
True
Is 996143 a composite number?
False
Is 13513 a prime number?
True
Is 174330017 a prime number?
True
Is 3697843 a prime number?
True
Is 30976547 a prime number?
False
Is 3367487 a prime number?
False
Is 59349133 a prime number?
True
Is 2364149 composite?
False
Is 43934153 a composite number?
False
Is 158204093 a composite number?
True
Is 33014081 a prime number?
False
Is 100250489 composite?
False
Is 3900439 prime?
True
Is 43593383 a prime number?
True
Is 2524631 a prime number?
False
Is 9368923 a prime number?
True
Is 1645321 composite?
True
Is 27923 prime?
False
Is 14035781 prime?
True
Is 1699361 a composite number?
False
Is 21005539 a composite number?
False
Is 18324179 prime?
True
Is 217546367 prime?
True
Is 455406961 a prime number?
False
Is 3061619 prime?
False
Is 54293089 a composite number?
True
Is 1024105079 prime?
True
Is 118906433 a prime number?
True
Is 1919797 composite?
True
Is 5117449 a prime number?
False
Is 29789005 a prime number?
False
Is 213823 prime?
False
Is 137463477 a prime number?
False
Is 133466167 composite?
True
Is 314491 composite?
False
Is 41578609 a composite number?
False
Is 5435567 a composite number?
True
Is 4615127 a prime number?
False
Is 48090437 a composite number?
False
Is 118189 prime?
True
Is 525430727 a composite number?
True
Is 10030087 composite?
False
Is 721595573 prime?
False
Is 78434507 prime?
True
Is 6179903 a prime number?
True
Is 1044383 a composite number?
False
Is 28931791 a composite number?
True
Is 111124099 a composite number?
False
Is 3489881 a composite number?
False
Is 21531 prime?
False
Is 207719789 prime?
True
Is 191845097 prime?
True
Is 71161 composite?
False
Is 32097653 a prime number?
False
Is 6578743 a composite number?
False
Is 6132061 a composite number?
True
Is 46627697 composite?
False
Is 30603823 a prime number?
False
Is 267334937 a composite number?
True
Is 13434431 a composite number?
True
Is 199625297 a composite number?
False
Is 14243507 prime?
False
Is 34913 a prime number?
True
Is 102704793 a prime number?
False
Is 100474757 prime?
True
Is 8562857 a composite number?
False
Is 16773191 a prime number?
True
Is 2684257 composite?
False
Is 11040338 a composite number?
True
Is 2380589 a composite number?
False
Is 23262403 prime?
False
Is 75433049 composite?
False
Is 2620889 a composite number?
True
Is 6879563 composite?
True
Is 28823341 composite?
False
Is 52433317 a prime number?
False
Is 3048299 composite?
True
Is 20256557 prime?
True
Is 762350653 a composite number?
False
Is 6022789 composite?
True
Is 33892277 a prime number?
True
Is 6267502 prime?
False
Is 199252055 prime?
False
Is 6923417 a composite number?
False
Is 15321763 composite?
False
Is 100146341 a composite number?
False
Is 14292554 a composite number?
True
Is 33560549 composite?
True
Is 19260334 a composite number?
True
Is 9956453 a composite number?
True
Is 19189823 prime?
False
Is 44581643 a prime number?
True
Is 3637267 prime?
False
Is 14228987 prime?
True
Is 3022319 composite?
True
Is 93199 prime?
True
Is 413902369 a prime number?
False
Is 9151 a prime number?
True
Is 353701 prime?
False
Is 816721 composite?
True
Is 9461099 a composite number?
False
Is 7255867 a prime number?
True
Is 21149383 prime?
True
Is 656519 composite?
False
Is 2268077 composite?
True
Is 2465223 a prime number?
False
Is 21769603 a prime number?
True
Is 2229263 a prime number?
True
Is 6075847 a composite number?
False
Is 1100626685 a prime number?
False
Is 2240603 a composite number?
True
Is 327112679 a composite number?
True
Is 7572391 a composite number?
False
Is 236925937 a composite number?
True
Is 376381 a composite number?
True
Is 13145281 composite?
True
Is 4702079 prime?
True
Is 26571955 a composite number?
True
Is 10431401 a composite number?
False
Is 4054535 a composite number?
True
Is 41320667 a composite number?
True
Is 40781159 a prime number?
True
Is 58165187 a prime number?
True
Is 236537 a prime number?
False
Is 3248431 a prime number?
True
Is 263824523 a prime number?
True
Is 1925071 a prime number?
True
Is 151561679 composite?
False
Is 47311907 a composite number?
False
Is 45629681 composite?
True
Is 8609 prime?
True
Is 30353933 composite?
True
Is 3206317 prime?
False
Is 44701577 prime?
False
Is 10103855 a composite number?
True
Is 524284727 composite?
True
Is 144970049 a composite number?
True
Is 2610314903 composite?
True
Is 9779179 prime?
True
Is 25032773 prime?
False
Is 346480679 a composite number?
False
Is 15277211 prime?
False
Is 129099053 a prime number?
False
Is 21636617 a prime number?
True
Is 19800023 a prime number?
False
Is 25138119 a prime number?
False
Is 4247647 prime?
False
Is 41623097 prime?
False
Is 92822161 a composite number?
False
Is 22343093 a prime number?
False
Is 27869201 prime?
True
Is 37226639 a prime number?
True
Is 3905957 composite?
True
Is 50069297 a prime number?
True
Is 309128539 a prime number?
True
Is 482810071 composite?
False
Is 1082429 prime?
True
Is 4548149 a composite number?
True
Is 26870977 a prime number?
False
Is 153703187 a prime number?
False
Is 31888121 a composite number?
False
Is 30597263 a prime number?
False
Is 2052859 prime?
True
Is 14631931 prime?
True
Is 2259979 a prime number?
False
Is 58955059 a composite number?
False
Is 75047149 prime?
False
Is 16351243 prime?
True
Is 7572881 prime?
True
Is 4153301 a prime number?
True
Is 594504611 a prime number?
False
Is 29909441 composite?
False
Is 5416801 a composite number?
True
Is 158799646 prime?
False
I